n 433 is divided by 22.
15
Calculate the remainder when 358 is divided by 91.
85
What is the remainder when 186 is divided by 126?
60
What is the remainder when 615 is divided by 14?
13
What is the remainder when 1628 is divided by 163?
161
What is the remainder when 1063 is divided by 282?
217
Calculate the remainder when 174 is divided by 62.
50
What is the remainder when 23 is divided by 12?
11
What is the remainder when 1013 is divided by 146?
137
Calculate the remainder when 1108 is divided by 547.
14
Calculate the remainder when 1271 is divided by 24.
23
What is the remainder when 468 is divided by 85?
43
What is the remainder when 202 is divided by 42?
34
Calculate the remainder when 735 is divided by 363.
9
Calculate the remainder when 57 is divided by 12.
9
What is the remainder when 4726 is divided by 182?
176
What is the remainder when 72 is divided by 6?
0
What is the remainder when 413 is divided by 23?
22
What is the remainder when 33 is divided by 5?
3
What is the remainder when 268 is divided by 54?
52
What is the remainder when 390 is divided by 14?
12
Calculate the remainder when 1709 is divided by 19.
18
What is the remainder when 1031 is divided by 47?
44
What is the remainder when 389 is divided by 31?
17
What is the remainder when 294 is divided by 91?
21
Calculate the remainder when 20616 is divided by 29.
26
What is the remainder when 217 is divided by 106?
5
Calculate the remainder when 70438 is divided by 347.
344
Calculate the remainder when 122 is divided by 13.
5
What is the remainder when 1351 is divided by 35?
21
Calculate the remainder when 1596 is divided by 13.
10
What is the remainder when 4893 is divided by 51?
48
Calculate the remainder when 214 is divided by 58.
40
What is the remainder when 119 is divided by 72?
47
Calculate the remainder when 3416 is divided by 29.
23
What is the remainder when 677 is divided by 10?
7
What is the remainder when 149 is divided by 41?
26
Calculate the remainder when 1118 is divided by 32.
30
What is the remainder when 7544 is divided by 49?
47
Calculate the remainder when 348 is divided by 86.
4
What is the remainder when 216 is divided by 82?
52
What is the remainder when 297 is divided by 76?
69
Calculate the remainder when 490 is divided by 23.
7
What is the remainder when 215 is divided by 143?
72
Calculate the remainder when 113 is divided by 26.
9
Calculate the remainder when 327 is divided by 83.
78
Calculate the remainder when 2695 is divided by 13.
4
Calculate the remainder when 230 is divided by 29.
27
What is the remainder when 344 is divided by 44?
36
What is the remainder when 4 is divided by 1?
0
Calculate the remainder when 2104 is divided by 43.
40
What is the remainder when 1024 is divided by 46?
12
What is the remainder when 7145 is divided by 22?
17
Calculate the remainder when 52 is divided by 16.
4
What is the remainder when 603 is divided by 122?
115
Calculate the remainder when 338 is divided by 87.
77
What is the remainder when 6008 is divided by 36?
32
Calculate the remainder when 36 is divided by 16.
4
Calculate the remainder when 7020 is divided by 119.
118
What is the remainder when 421 is divided by 107?
100
Calculate the remainder when 297 is divided by 56.
17
Calculate the remainder when 192 is divided by 71.
50
Calculate the remainder when 3342 is divided by 371.
3
Calculate the remainder when 107 is divided by 10.
7
What is the remainder when 88 is divided by 30?
28
Calculate the remainder when 796 is divided by 230.
106
What is the remainder when 164 is divided by 38?
12
What is the remainder when 75 is divided by 20?
15
What is the remainder when 55 is divided by 13?
3
Calculate the remainder when 91 is divided by 5.
1
Calculate the remainder when 3625 is divided by 280.
265
Calculate the remainder when 203 is divided by 60.
23
What is the remainder when 469 is divided by 35?
14
Calculate the remainder when 76 is divided by 27.
22
What is the remainder when 656 is divided by 83?
75
Calculate the remainder when 1057 is divided by 152.
145
Calculate the remainder when 21647 is divided by 25.
22
What is the remainder when 1151 is divided by 197?
166
What is the remainder when 278 is divided by 47?
43
Calculate the remainder when 410 is divided by 409.
1
Calculate the remainder when 224 is divided by 25.
24
Calculate the remainder when 2796 is divided by 398.
10
What is the remainder when 132 is divided by 35?
27
Calculate the remainder when 2851 is divided by 51.
46
What is the remainder when 249 is divided by 66?
51
Calculate the remainder when 106 is divided by 58.
48
What is the remainder when 211 is divided by 71?
69
Calculate the remainder when 50 is divided by 15.
5
Calculate the remainder when 96 is divided by 13.
5
Calculate the remainder when 786 is divided by 185.
46
What is the remainder when 106 is divided by 20?
6
Calculate the remainder when 520 is divided by 55.
25
What is the remainder when 228 is divided by 33?
30
Calculate the remainder when 1095 is divided by 57.
12
What is the remainder when 374 is divided by 14?
10
Calculate the remainder when 23 is divided by 3.
2
What is the remainder when 1804 is divided by 19?
18
Calculate the remainder when 538 is divided by 90.
88
Calculate the remainder when 824 is divided by 55.
54
What is the remainder when 176 is divided by 20?
16
What is the remainder when 1589 is divided by 63?
14
Calculate the remainder when 87 is divided by 10.
7
Calculate the remainder when 359 is divided by 33.
29
What is the remainder when 129 is divided by 20?
9
What is the remainder when 543 is divided by 123?
51
Calculate the remainder when 1362 is divided by 47.
46
What is the remainder when 480 is divided by 37?
36
What is the remainder when 1890 is divided by 626?
12
Calculate the remainder when 404 is divided by 51.
47
Calculate the remainder when 312 is divided by 32.
24
What is the remainder when 181 is divided by 28?
13
What is the remainder when 487 is divided by 14?
11
What is the remainder when 665 is divided by 23?
21
What is the remainder when 3437 is divided by 26?
5
What is the remainder when 495 is divided by 159?
18
Calculate the remainder when 614 is divided by 85.
19
What is the remainder when 72 is divided by 41?
31
What is the remainder when 25647 is divided by 30?
27
What is the remainder when 26 is divided by 26?
0
What is the remainder when 251 is divided by 40?
11
Calculate the remainder when 1140 is divided by 384.
372
What is the remainder when 3015 is divided by 3?
0
What is the remainder when 3046 is divided by 54?
22
Calculate the remainder when 231 is divided by 61.
48
Calculate the remainder when 4805 is divided by 107.
97
Calculate the remainder when 288 is divided by 58.
56
Calculate the remainder when 207 is divided by 22.
9
Calculate the remainder when 152 is divided by 78.
74
What is the remainder when 149 is divided by 22?
17
Calculate the remainder when 5146 is divided by 92.
86
Calculate the remainder when 359 is divided by 80.
39
What is the remainder when 708 is divided by 9?
6
What is the remainder when 1883 is divided by 29?
27
What is the remainder when 1428 is divided by 22?
20
Calculate the remainder when 355 is divided by 144.
67
Calculate the remainder when 1094 is divided by 1077.
17
Calculate the remainder when 51 is divided by 40.
11
Calculate the remainder when 35 is divided by 31.
4
Calculate the remainder when 707 is divided by 345.
17
What is the remainder when 108 is divided by 31?
15
Calculate the remainder when 792 is divided by 155.
17
Calculate the remainder when 48984 is divided by 9.
6
What is the remainder when 823 is divided by 18?
13
Calculate the remainder when 1078 is divided by 45.
43
What is the remainder when 173 is divided by 18?
11
What is the remainder when 1553 is divided by 174?
161
Calculate the remainder when 548 is divided by 52.
28
What is the remainder when 2010 is divided by 534?
408
What is the remainder when 109 is divided by 39?
31
What is the remainder when 117 is divided by 25?
17
What is the remainder when 4098 is divided by 108?
102
What is the remainder when 110 is divided by 28?
26
Calculate the remainder when 44 is divided by 15.
14
Calculate the remainder when 141 is divided by 16.
13
Calculate the remaind